n*l, -4 = -0*l + 2*l + 4*m. Let q(v) be the first derivative of v**2/2 + 9*v - 1. Determine q(l).
9
Let d(a) = a**2 + 6*a - 4. Let z(q) = -10*q - 53. Let n be z(-6). Suppose -n*b + 72 = 121. What is d(b)?
3
Let p = 0 + 2. Let n(d) = 0*d - p*d + 3*d - 13. Let u be (2 - 2)*4/12. Give n(u).
-13
Let h be (0 + 2 - 24*(-21)/(-504))*-2. Let i(t) = 18*t + 16. Give i(h).
-20
Let s(z) = z**2 + 9*z - 1. Let h(b) = -2*b**2 - 11*b. Suppose 0 = -5*m, -2*x + 0*x + 6 = 2*m. Let q(j) = x*s(j) + 2*h(j). What is q(4)?
1
Let c be ((-10)/55)/(3*6/(-198)). Let n(v) be the first derivative of 5/2*v**c + 1/3*v**3 + 8 - 3*v. Calculate n(-4).
-7
Let i(g) be the first derivative of -3*g**2 + 154*g - 1193. Determine i(33).
-44
Let h(u) = -2*u**2 + 2*u. Let x(r) = 17*r**2 + 13*r. Let v(w) = 10*w**2 + 7*w. Let c(s) = -7*v(s) + 4*x(s). Let d(g) = 5*c(g) - 6*h(g). Determine d(-2).
2
Suppose -2*w + n - 9 = 0, 2*w = -5*n - 21 - 6. Let o(p) = -p**2 - 8*p - 16. Let u be o(w). Let f(b) = -b - 4 + 3*b - 4*b + 3*b. What is f(u)?
-8
Let k(j) = 2*j**2 + 19*j + 8. Let y be k(-12). Suppose -y = -4*b - 0*b. Suppose -4*u + b = -v, u - 11 = v - 3*v. Let o(x) = x - 6. Determine o(u).
-1
Let x(d) be the third derivative of d**6/120 - 2*d**5/5 - 9*d**4/8 + 5*d**3/6 + 5301*d**2 + 1. Give x(25).
-45
Let t(v) be the third derivative of v**5/60 - 9*v**4/8 - 5*v**3/6 + 6*v**2 + 27. Give t(27).
-5
Suppose 47 - 17 = 5*p. Suppose -4 = -4*u + 4*x, -3*u - x + p*x = 1. Suppose u*i + 4*o - 5 = 0, -2 = -3*i - o - 3. Let j(y) = 5*y**2 + 1. Determine j(i).
6
Let l = -4476/5 - -8957/10. Let j(i) be the second derivative of -15*i - 2*i**2 + 0 + l*i**3 + 1/12*i**4. Calculate j(3).
14
Let x(z) = -z**2 - 9*z - 4. Let n be 2*(-4)/(-8) - -15. Let t = -58 - -60. Suppose d + 26 = -y + 6*d, -4*y = t*d + n. Calculate x(y).
14
Let x(q) = 9*q - 65. Let w(i) = -26*i**2 + 368*i - 49. Let z be w(14). Give x(z).
-2
Let l(g) = -5*g + 61. Let o be l(12). Suppose 8 = 9*h - o. Let r(j) be the second derivative of -11*j**5/20 - j**4/12 + j**2/2 - 3*j. Calculate r(h).
-11
Let p(j) = -j**2 - 36*j - 96. Suppose -247*z + 246*z + 5*g - 53 = 0, -5*g = 2*z + 46. Give p(z).
3
Let c(z) be the second derivative of z**5/20 - z**3/6 - 25*z**2 + 10*z. Let k be c(0). Let t = -45 - k. Let d(h) = h**3 - 5*h**2 - 3*h + 5. Give d(t).
-10
Let r(b) = -3*b - 143. Let g(j) = 2*j + 85. Let m(z) = -12*g(z) - 7*r(z). Give m(-4).
-7
Suppose 2*m + i = 3, -2*i = m - 6 - 0. Let g(h) = 612 - h**3 - 279 + h**2 - 349. Give g(m).
-16
Let g(i) = i**2 - 16*i + 38. Let w = -12513 - -12518. What is g(w)?
-17
Suppose 2*z + 56 = 5*a, -11*a + 16*a = -4*z + 38. Let b(m) = m**3 - 11*m**2 + 11*m + 13. What is b(a)?
23
Let u(p) = -9727*p**3 - p**2 - p - 3 + 2 + 9710*p**3. Let n = -4 - -3. What is u(n)?
16
Let x(r) = r**3 - 4*r**2 - 7*r + 6. Let d be (0 + 1/2)/(44/18392). Let n = 214 - d. Give x(n).
-4
Let k(j) = -j**2 - 4*j + 19. Let f be k(-11). Let c = f + 59. Let r = c - 3. Let z(d) = d**3 + 3*d**2 + 3*d + 2. Calculate z(r).
0
Suppose 7*b = -0*b + 14. Let p be (2 - b) + 9/((-9)/(-2)). Let z(f) = -11*f**2 - p*f**2 - 4 + 14*f**2. What is z(3)?
5
Let b(x) = 25*x**2 + 12*x - 11. Let g(i) = -54*i**2 - 25*i + 23. Let v(l) = -13*b(l) - 6*g(l). Let d(a) = a**3 + 4*a**2 - 8. Let p be d(-4). Give v(p).
-11
Suppose -3*g - i = -3*i + 10, -25 = 5*g - 5*i. Let o be 15 - (-5 + 10 + g). Suppose -18 - o = -4*v. Let m(b) = -b**3 + 8*b**2 - 9*b. What is m(v)?
-14
Let s be ((0 - (-76)/12) + -6)/(47/(-564)). Let y(i) = 2*i**2 + 19*i + 10. Let v(u) = u**2 + 9*u + 5. Let d(g) = 5*v(g) - 2*y(g). What is d(s)?
-7
Let t = -143 + 143. Let b(w) = -2*w**2 + 17 + 6*w**2 + t*w**2 - 14 + 2*w. Calculate b(-2).
15
Let r(m) = 3*m - 24. Let k be r(0). Let g = -49 + 26. Let w = g - k. Let v(f) = 9*f**2. Determine v(w).
9
Let t = 43 + -37. Let h(i) = 2*i - 3 - 7*i - 2*i + t*i + i**2. Let q = -6 - -9. Determine h(q).
3
Let y(u) be the third derivative of -1/60*u**5 + 0 - 5/24*u**4 + 1/120*u**6 + 0*u + 1/3*u**3 - 12*u**2. Let s be 10/(-35) - 23/(-7). Determine y(s).
5
Let a(s) be the third derivative of -37*s**2 + 0 + 1/30*s**5 + 0*s + 2/3*s**3 + 1/24*s**4. Determine a(-3).
19
Suppose -4*f + 11 = 5*j, -4*f + 6 = 4*j - 6. Suppose 4*g + 0*m - 103 = -3*m, 135 = 5*g + 5*m. Let q(l) = -g + l - 2*l + 51 - 31. Determine q(f).
-6
Let y(f) = 91*f**3 - 7*f**2 + 12*f + 10. Let d(h) = -46*h**3 + 3*h**2 - 5*h - 4. Let m(b) = 5*d(b) + 2*y(b). What is m(1)?
-48
Let t(r) = -59*r**2 + 31*r**2 + 5 + 90*r**2 - r**3 - 63*r**2. Calculate t(0).
5
Let l(s) = 2*s**2 - 22. Let w be l(-4). Let f(i) = -w - 43*i - 48*i - i**2 + 82*i. What is f(-8)?
-2
Let u(q) = -144*q**3 + 2*q**2 - 4*q + 3. Let s be u(1). Let r = 150 + s. Let a(n) = -2*n. Give a(r).
-14
Let r(f) be the first derivative of f + 1/3*f**3 + 225 + 3/2*f**2. Let b be 4*((-1)/(-2) + -1). What is r(b)?
-1
Let j(z) = 2*z - 11. Let w(c) = 7*c - 43. Let v(l) = -13*j(l) + 3*w(l). Give v(7).
-21
Suppose -13*o + 2*z = -14*o + 5, 3*o - 2*z + 9 = 0. Let a(l) = -13*l**3 + 2*l**2 + 3*l + 1. Calculate a(o).
13
Let x(t) = -3*t + 8. Let v be -3 + 9 + -25 - -14. Give x(v).
23
Let b(j) = -136*j + 11*j**2 - 317 - j**3 + 127*j + 307. Give b(7).
123
Suppose q = 5*o + 25, -o - 1 = 1. Let j = q - 2. Let l(v) = 10 + j*v - 3 - 7. Calculate l(1).
13
Let w(o) be the third derivative of 0 - 1/6*o**3 + 8*o**2 - 3/8*o**4 + 0*o. Let a = 121 + -120. Give w(a).
-10
Let b(h) = h**3 - 5*h**2 + 9*h - 7. Suppose -98*x = -528 + 136. Determine b(x).
13
Let n = 47 + -27. Let u = -45 - -52. Suppose u*d - 2*d = -n. Let h(p) = p**3 + 5*p**2 + 5*p + 2. Give h(d).
-2
Suppose 6*o - 8*o = -4*u, -u = 3*u - 4*o. Let c(j) = -27 + j + j**3 - 2*j**3 + 1. Calculate c(u).
-26
Let o(t) = t - 4. Let m(u) = -2*u**3 + 34*u**2 + 4. Suppose 5*k = v + 364 - 57, -2*v - 242 = -4*k. Let s = 79 - k. Let l be m(s). Determine o(l).
0
Let z(f) = f**2 + 4*f - 20. Let p be z(-10). Let j = p + -36. Let d(r) = 1 - j + 0 + 9*r**2 - 8*r - 10*r**2. What is d(-8)?
-3
Let q(f) be the third derivative of -f**8/6720 + f**5/120 + f**4/6 + 7*f**3/3 - 4*f**2 + 20. Let k(r) be the second derivative of q(r). Give k(1).
0
Let a = 105 - 100. Suppose -11 + 1 = -a*h. Let o(f) = -185 + 7*f + 6*f + f**h + 198 - f. What is o(-10)?
-7
Let f(c) be the first derivative of c**6/120 - c**5/15 - 7*c**4/24 + 7*c**3/6 + 14*c**2 - c - 63. Let r(t) be the second derivative of f(t). What is r(5)?
-3
Let r(c) = -2*c + 9. Suppose -2*y + 109 = -4*j + 65, 0 = j - 2*y + 20. What is r(j)?
25
Let m be -3*(-3)/(9/3). Let f(b) be the second derivative of -b**4/12 + 2*b**3/3 - 11*b**2/2 + 10797*b. Calculate f(m).
-8
Suppose -68 = 21*g - 110. Let r(c) be the third derivative of 1/60*c**5 + 0 + 0*c - 6*c**g + 0*c**3 + 1/24*c**4. What is r(-3)?
6
Let a be 12/2*(-8)/6. Let r be (-14)/7 - (-1 - a). Let p(h) = -11 + 773*h - 2 - 774*h. What is p(r)?
-4
Let o(k) = 2*k - 4. Let b = 51 + -51. Let h = b + 7. Give o(h).
10
Suppose b - 3 = 2*l, b + 66*l - 3 = 64*l. Let k(n) = -8*n + 2. What is k(b)?
-22
Let q be ((3/6)/(-1))/((-2)/(-328)). Let z = q - -76. Let s(c) be the first derivative of -c**4/4 - 2*c**3 + 4*c + 32. Give s(z).
4
Let n(z) = -4*z**2 - 1 - 3 + 3*z**2. Let f(u) = -46*u**2 - 54 - 2*u + 6*u**2 + 12*u**2 - u**3 + u**2. Let r be f(-27). Give n(r).
-4
Let q(t) = -4*t**2 - 93*t + 72. Let n be q(-24). Let x(s) be the third derivative of -20*s**2 + n - 1/12*s**4 + 1/2*s**3 + 0*s. What is x(3)?
-3
Let m(a) = -a**2 + 8*a + 79. Let u(x) = 4*x**3 + 18*x**2 - 14*x - 94. Let o be u(-4). Determine m(o).
-5
Let k(o) be the first derivative of 73 - 5*o + 1/4*o**4 - 1/2*o**2 + 2*o**3. What is k(-6)?
1
Let w be (0 - -5) + (-1 - -2). Let l = -5855 - -5857. Let j(s) = 4 - 6 + 13*s**2 + w - 12*s**l. Give j(-3).
13
Let q(v) = -70*v - 74*v + 70 + 274*v - 69*v - 63*v. Determine q(30).
10
Let u(k) = -k**2 + 4 - 13211*k + 4 + 13210*k. Suppose -31*w = -20*w. Calculate u(w).
8
Let d(c) = -18*c + 93. Let b(p) = -17*p + 63. Let h(r) = -3*b(r) + 2*d(r). Calculate h(-1).
-18
Let s(i) = i**3 - 15*i**2 + 26*i + 7. Suppose 3*o = -4*v + 51, 19*o + 2*v + 20 = 21*o. Determine s(o).
7
Let a be (-3)/825*-11*10/96*2. Let r(p) be the third derivative of 0*p**4 + 0*p - 1/10*p**5 + 0 - a*p**6 - 1/6*p**3 - 19*p**2. Determine r(-6).
-1
Let g(b) = -b - 5. Let k = 38 - 26. Let f = k - 12. Let w be -2 - (f/(-9) + 1*2). Wh